 + 8*l - 95. Is l a composite number?
False
Let a = 10 + -19. Let p(h) = -h**3 - 10*h**2 - 12*h - 12. Is p(a) prime?
False
Let i(f) = 48*f - 65. Is i(15) prime?
False
Is ((-24)/(-15))/(-4) - 1414/(-10) composite?
True
Let n be (-5)/5*-2*2. Is (5 - n)/(3/993) prime?
True
Let z be 1382/14 - 4/(-14). Suppose 2*p - x + 85 = -4*x, 5*p + 2*x + 240 = 0. Let w = z + p. Is w a prime number?
False
Let m = -16 + 85. Is m a composite number?
True
Suppose 4*s - 5*v = 927, -2*v = -5*s + 1178 - 15. Is s prime?
True
Let f(s) = 7*s**2 + 10*s + 34. Is f(15) composite?
False
Let t(o) = o**2 + 2*o + 4. Is t(-5) composite?
False
Suppose 4*f = -3*g + 77, 4*f + f - 103 = 3*g. Let h be (-1008)/(-5) + (-12)/f. Is h/6 - (-4)/(-8) a prime number?
False
Let f = -2 + 91. Is f a prime number?
True
Let g(p) = 4*p**2 - 25*p - 46. Is g(21) prime?
True
Let j = -12576 + 24217. Is j a composite number?
True
Suppose 3*h - 5*p + 8 = 0, 0 = 4*h - 9*h - 2*p - 34. Suppose -3*x + 256 = 4*a, -2*a - x - x = -128. Is 2/h - a/(-3) a prime number?
False
Let f(p) = 4*p**2 + 3*p - 1. Let w be f(-3). Let a = 615 + w. Is a composite?
False
Suppose 3*h - 4*i = -7 - 7, 2*i = -2*h - 28. Let u = h + 16. Is u composite?
True
Let o(l) = -6*l - 1. Let y be o(-1). Suppose -4*z - u - u + 178 = 0, y*u = z - 17. Suppose -2*b - 3*g + z = -6*g, 2*g = -8. Is b a composite number?
True
Suppose 0 = 5*b + b - 1770. Is b a prime number?
False
Let o(b) = -64*b**2 - 2*b - 1. Let p be o(-1). Let k = p - -96. Let m = 46 - k. Is m composite?
False
Let d(m) = m**2 - 6*m + 2. Let l be d(5). Is (-211)/((1 + l)/2) prime?
True
Let f(y) = 985*y**2 + 21*y - 5. Is f(2) composite?
True
Let d(s) = -s - 1. Let q be d(-5). Let l(b) = -b**3 - 6*b**2 + 7*b - 2. Let h be l(-7). Is q*-2*1/h prime?
False
Let q be 1/(1/(-1) + 0). Let k(x) = -x + 4. Let i be k(0). Let n = i + q. Is n a prime number?
True
Let u be 1/(-2 + 1)*-74. Suppose -r + u = -60. Is r a prime number?
False
Suppose -3*m - 34 = -259. Suppose -5*p + 0*p = -m. Is p a composite number?
True
Is ((-1)/(-2))/((-11)/(-44)) prime?
True
Suppose 0 = -5*b - w + 4898, 0 = 5*b + 2*w - 3325 - 1576. Is b prime?
False
Let g(s) = 44*s**2 - 2*s + 1. Let m(j) = j**2 - j - 1. Let q be m(-1). Is g(q) prime?
True
Is ((-2402)/6)/((-9)/27) prime?
True
Let h(t) = 45*t**2 - 5*t - 5. Is h(-3) a prime number?
False
Let n be 8516/11 + (-16)/88. Let o(g) = 2*g + 2. Let j be o(6). Is (-10)/35 + n/j a composite number?
True
Suppose 0 = 12*a - 14*a + 422. Is a a prime number?
True
Suppose -5*u = -7 - 8. Suppose -2*x + 93 = -0*x - 5*m, u*x - m - 107 = 0. Is x a prime number?
False
Suppose 2608 = 7*b - 7731. Is b prime?
False
Suppose -1480 - 1675 = -5*h. Is h composite?
False
Suppose 4*i - 4*c - 32 = 0, -3*c = 5*i - 6*c - 44. Let b(h) = 7*h**2 - 13*h - 13. Is b(i) a prime number?
True
Let c(z) = -419*z. Suppose 3*v - 2*m + 13 = 0, -5*v + 5 = -5*m + 35. Is c(v) a prime number?
True
Suppose -3*w + 10 = -2*w. Let j be ((-4)/w)/((-1)/5). Is ((-1)/(-2))/(j/40) a prime number?
False
Suppose 0 = -3*x - 0*x + 3. Let j be x*2 + 0 + -4. Is ((-38)/(-4))/((-1)/j) composite?
False
Let f be 87/(-9)*(3 + 6). Let x = f - -178. Is x a composite number?
True
Suppose 6*r - 3*r - 42 = 0. Let l be (8/3)/(r/21). Suppose -l*i + 0*i + 56 = 0. Is i a composite number?
True
Suppose -3*d + 7 = -v - 0, 2*d = -v + 13. Suppose -v = -k - 4*k. Is -1 + (14 - k*-2) prime?
False
Let n = 13 - 10. Suppose -n*i = -275 - 106. Is i composite?
False
Suppose 0 = -0*l + 2*l - 10. Suppose -p + 48 = -l. Is p a prime number?
True
Let s be ((-10)/2 - -3)*-4. Let v(y) = 5*y - 3. Is v(s) prime?
True
Is (-3)/((-60)/1655) - (-1)/4 prime?
True
Let s(g) be the second derivative of g**5/10 - g**4/3 - g**3/6 - g**2/2 - 2*g. Is s(4) a prime number?
True
Let a = 2333 - -408. Is a composite?
False
Let p = 3 - -1. Suppose 0 = 3*x - 4*x - 5*c + 47, 3*x = -p*c + 86. Is x a prime number?
False
Let z = 401 - 184. Is (z - 2) + -2 + 4 a prime number?
False
Let b be (-1)/((-3)/(-6)*-2). Suppose 4*z - 3*n - n - 4 = 0, -5*n = -4*z. Suppose 5*j = z, h - 2*j = 3*j + b. Is h composite?
True
Suppose -5*b - 7*b + 23172 = 0. Is b a prime number?
True
Let c(g) = 1140*g - 7. Is c(6) a composite number?
False
Is (1965/(-60))/(1/(-4)) a prime number?
True
Let m be (10/6)/(1/(-3)). Let a be (9/(-15) - 1)*m. Suppose a + 103 = 3*p. Is p composite?
False
Let z be -7 + (-4 - -3) + 1. Is (-385)/z + 0/(-1) prime?
False
Let p(q) = -3*q + 6. Let t be p(-6). Let g be (t/((-6)/2))/(-2). Suppose u = -0*u - 5*k - 1, g*u - 71 = 5*k. Is u prime?
False
Let q(z) = 137*z + 24. Is q(7) composite?
False
Let r = 21 - -5. Is r a composite number?
True
Let o(i) = 210*i + 1. Is o(3) composite?
False
Let i(b) = 3 - b + 2 + 0 - 3. Let a be i(-3). Suppose 159 = 3*z + 4*c - c, a*c = 3*z - 127. Is z a composite number?
True
Let q = 530 + -297. Is q a composite number?
False
Suppose -k = -0*k - 8. Let t(h) = -k - 3*h + h + 3. Is t(-8) a composite number?
False
Let g(v) = -v**2 + 317. Let a be g(0). Let f = 834 - a. Is f prime?
False
Suppose 0 = 16*g - 21*g + 17315. Is g prime?
True
Suppose -79 + 359 = 2*u. Suppose -u = -r + 2*d, 0 = r + 5*d - 97 - 50. Suppose 0 = 2*f + 40 - r. Is f prime?
False
Suppose 11*i = 239 + 4370. Is i composite?
False
Let w(t) = -t**3 + 6*t**2 - 4. Let b be 2/(-5) + (-6)/(-15). Suppose 4*i = -q - 2*q - 1, -3*i - 12 = b. Is w(q) composite?
True
Let n(v) = v**2 - 3*v - 3. Let x = -6 + 7. Suppose -x = -i - 6. Is n(i) prime?
True
Let s(h) = -40*h. Let f be s(-5). Suppose -4*v + f = -252. Is v composite?
False
Suppose -23*q + 4012 = -19*q. Is q composite?
True
Suppose -2400 = -10*m + 5*m. Let i = -229 + m. Is i a composite number?
False
Suppose -3*u + 6 = -0*u. Suppose u*x + 109 = 2*l + 419, 3*x + 2*l - 485 = 0. Is x a prime number?
False
Let g(b) = b - 5. Let i be g(7). Suppose 0 = i*s - 61 - 49. Is s a prime number?
False
Suppose -2*u + 12 = u. Suppose 5*x = u*x + 2. Is x/7 - 1015/(-49) composite?
True
Is (-3969)/(-12) + (-1)/(12/(-3)) a prime number?
True
Suppose -3*h - 3*y - 39 = 0, y = -3*h + 4*y - 15. Let a be 3/h + (-3)/(-9). Suppose a = -5*t + 203 - 48. Is t a composite number?
False
Suppose 3*c = 4*c - 237. Suppose -2*y - y = -c. Is y a composite number?
False
Let v = -48 + -68. Let b = 183 + v. Suppose -195 = -2*c + b. Is c a composite number?
False
Suppose 26*x = 23*x + 822. Let n = x + -117. Is n a composite number?
False
Is (-2922)/(-21) + (3/21)/(-1) composite?
False
Suppose -x - 4*n = x - 38, -x + 23 = 4*n. Let f = -1 - x. Let z = 29 + f. Is z a prime number?
True
Let s(g) = -g + 7. Let o be s(-9). Let p = 3 + o. Is p prime?
True
Suppose 3 = c - 3. Let w(f) = -f**3 - f**2 - f. Let j(s) = 5*s**3 - 3*s**2 + 9*s - 4. Let y(b) = -j(b) - 4*w(b). Is y(c) composite?
True
Suppose 4*j - 674 = 3*i, -2*j = -3*j - 3*i + 176. Suppose -3*p = -2*u - 29 + 11, 3*p = -5*u + 18. Suppose j = -y + p*y. Is y a composite number?
True
Let d be (0 + -2)/(2/(-4)). Suppose -h - 4*c + 17 = -10, -4*c - 12 = 0. Suppose 2*r + v - h = 6, -d*r + v = -93. Is r a prime number?
True
Let u = -82 + 52. Let w = 8 - 4. Is u/9*(-78)/w composite?
True
Let j(m) = m**2 + 4*m + 2. Let r be (-6)/(-2 - 7/(-2)). Let q be j(r). Suppose q*o - 40 = -2*o. Is o a prime number?
False
Let d be 4/(-2) - (4 + -10). Suppose 40 = 4*a + 4*f + f, d*f - 20 = -2*a. Is (-4 + 1)/((-5)/a) a composite number?
True
Suppose 4*w + 3*z = -12, 4*w = 2*w + 5*z + 20. Suppose w*s + 19 = s. Is s prime?
True
Suppose 5*u + i - 187 = 1, 0 = -3*u + 3*i + 120. Is u a prime number?
False
Let b = -45 - -1382. Is b a composite number?
True
Let p = 410 + 6705. Is p composite?
True
Let s(o) = 23*o - 5. Let x be 0 - 2 - (-12)/3. Suppose -x*a - 12 = -7*a - 4*w, 2*a - 18 = 5*w. Is s(a) prime?
False
Let t = -49 + -11. Let d = t - -98. Is d composite?
True
Suppose 3*v - 2*s + 48 = s, -63 = 4*v - 3*s. Is 4/(-10) + (-981)/v a prime number?
False
Suppose 6*m - m = 2835. Let h = -361 + m. Is h composite?
True
Suppose 2*v = v + 5749. Is v prime?
True
Let w = 1457 - 978. Is w a prime number?
True
Suppose -2*z - b + 159 = 0, 0*z - 3*z + 237 = 3*b. Suppose 0 = 5*a - 4*v - 971, -4*v - 404 = 3*a - 993. Suppose z = -w + a. Is w prime?
False
Let z(w) = -34*w + 5 - 5 - 3 - 2. Is z(-7) a composite number?
False
Let k(j) = -j**3 + 10*j**2 + 12*j - 2. Suppose 5*h + 0*h = 